61 is divided by (n - (-2)/5)*40?
13
Suppose 3*o + 8 = 23. Calculate the remainder when 24 is divided by o.
4
Let d = 121 + -86. Let w = d - 20. What is the remainder when w is divided by 4?
3
Let r(y) = -y - 9. Let a be r(-11). Calculate the remainder when (9 + -32)*(-2)/a is divided by 13.
10
Let f(p) = -p**3 + 0*p - 9 - 5*p - 2*p - 8*p**2 - 2*p. What is the remainder when 16 is divided by f(-7)?
1
Let g(a) = -a**3 + 6*a**2 + 9*a - 33. What is the remainder when 55 is divided by g(6)?
13
Let j = 50 - 34. What is the remainder when 44 is divided by j?
12
Suppose 6*l - 11*l = 15. Let b = 5 + l. What is the remainder when 3 is divided by b?
1
Suppose -4*z + 13 = -5*m, z + 5*m = -2 - 1. Suppose 0 = z*r - 5 + 1. What is the remainder when 7 is divided by r?
1
Suppose -1 = -2*d + 11. Calculate the remainder when 4/12 - (-226)/d is divided by 13.
12
Let q(n) = -n**2 + 1. Let u(s) = -7*s**2 + 9. Let h(k) = -6*q(k) + u(k). What is the remainder when 8 is divided by h(0)?
2
Suppose 41 = 5*x - 2*x + 5*c, 3*x + 2*c - 38 = 0. What is the remainder when 69 is divided by x?
9
Suppose 8 = o - 3*g, 0 = -o - 2*g - 1 - 1. Suppose 0 = -s + o*s - 30. What is the remainder when s is divided by (-135)/(-15) - 1/(2/(-4))?
8
Let d(k) = -k**3 + 2*k**2 + 2*k - 1. Suppose -22 = 4*n + 82. Let j = n + 47. Calculate the remainder when j is divided by d(-2).
10
Let d be 0 + 1 + 1*37. Let h = -22 + 35. What is the remainder when (d/2)/((-3)/(-6)) is divided by h?
12
Suppose 5*g - 356 - 64 = 0. Suppose 2*p - 5*p + g = 0. Calculate the remainder when p is divided by (2/(-3))/(1/(-15)).
8
Suppose -3*w = -7*w. Suppose -d - 4 + 20 = w. What is the remainder when 62 is divided by d?
14
Let n = 4 + 2. Let r be (-1 - 28) + n/(-3). Let l = 43 + r. Calculate the remainder when l is divided by 7.
5
Calculate the remainder when ((-6)/9)/(8/6)*-106 is divided by 19.
15
Suppose -v - 6 = -0*v. Suppose -a + 3*b + 14 = 0, -22 = a - 4*a + 4*b. What is the remainder when ((-75)/v + 2)*a is divided by 10?
9
Suppose -z + 72 = 5*q, -z + 5*q + 116 = 2*z. What is the remainder when z is divided by 10?
7
Let w = 8 + 17. What is the remainder when w is divided by 13?
12
Suppose 0 = 3*d - 4*r - 97, 5*r - r - 92 = -4*d. Calculate the remainder when 161 is divided by d.
26
Suppose -28 - 4 = -q. Suppose -2*n - 5 = -3*n. Suppose n*r = q + 18. What is the remainder when r is divided by 6?
4
Suppose 0 = -2*c + 7*c - 50. Suppose -4*t = 5*j - 153, 5*j - 5*t = 1 + 134. What is the remainder when j is divided by c?
9
Suppose 3*x + 2*x = 35. Suppose -p = i - 0*i - 7, 2*p - 5*i + x = 0. Suppose 2*h - 40 + 18 = 0. Calculate the remainder when h is divided by p.
3
Let z(a) = -1 + 3*a + 4 + a**3 - 2 + 6*a**2. Calculate the remainder when (5 - -3)/((-12)/(-54)) is divided by z(-3).
17
Let v(x) = x**3 + 7*x**2 + 6*x + 9. Let f be v(-6). Let b = f - 13. Calculate the remainder when -4*(-2 - (-21)/b) is divided by 10.
9
Suppose 0 = 3*r + 2 + 4. Let o be ((-24)/(-14) + r)*-7. Suppose -o*h - 80 = -7*h. What is the remainder when 30 is divided by h?
14
Let k = 54 - 37. Calculate the remainder when 48 is divided by k.
14
What is the remainder when 7 is divided by (-1)/2 - 56/(-16) - 0?
1
Suppose -42 = 3*a + 4*z - 12, -a - 21 = 5*z. Let q(h) = h + 9 - 3*h - 1. What is the remainder when 59 is divided by q(a)?
19
Suppose 2*f + 2*f = 0. Suppose 10 = h + 2*l, 3*l + f*l - 8 = -h. What is the remainder when 27 is divided by h?
13
Suppose 3*c - 9 = 0, 4*c + 8 = 4*l - 4. What is the remainder when 21 is divided by l?
3
Let k = 23 + -17. Calculate the remainder when 17 is divided by k.
5
Let i be 2/(-3)*66/(-4). Let m be i + (0 - (-1 - 1)). Suppose -3*w + 0*w - 4*f + m = 0, -f = -4*w + 49. Calculate the remainder when w is divided by 4.
3
Let g(n) = 31*n**2 + 2*n - 2. Let z(c) = 4*c - 4. What is the remainder when g(1) is divided by z(3)?
7
Suppose -2*u - 16 = -4*u - 2*l, l = -2*u + 11. Suppose 113 = 2*g - b, u*g - 57 - 115 = b. Calculate the remainder when g is divided by (2/3)/(1/30).
19
Let k(d) be the second derivative of d**4/12 - d**3/3 + d**2/2 - 4*d. Let c be k(2). What is the remainder when 27 is divided by (c + 5)*(-28)/(-12)?
13
Suppose 23 - 58 = -k. Let a be -4*(0 + 0 - 1). Suppose 3*x + l = -0*x + k, 2*x + a*l = 10. Calculate the remainder when 24 is divided by x.
11
Let g = 35 - 24. Let h = 63 - g. Calculate the remainder when h is divided by 18.
16
Let t = 5 - 3. Suppose 2*n - n = t. Suppose -r + n*v = -14, 2*r - 2 = -v + 6. Calculate the remainder when r is divided by 4.
2
Let y(q) = -q**2 - 4*q + 7. Let t be y(-5). Suppose m = t*m - 4. Let d = -62 - -64. Calculate the remainder when m is divided by d.
0
Suppose 4*c = -0*c + 340. Suppose 0 = 4*j - c + 5. Calculate the remainder when j is divided by 0 - (1 - 13 - -1).
9
Let k = 188 - -164. Suppose -b + k = 3*b. What is the remainder when b is divided by 30?
28
Suppose -4*b + 19 = -33. Suppose -279 + 79 = -4*r. Calculate the remainder when r is divided by b.
11
Suppose 3*n = 5*p, -4*n = 5*p - 22 - 13. Suppose -4*q + 0 - 8 = 0, -3*q + 1 = d. What is the remainder when d is divided by p?
1
Let l(i) = -i**2 + i + 19. Let v = 11 + 25. What is the remainder when v is divided by l(0)?
17
Let u be 3/(-6)*0*-1. Suppose -3*n + n = u. Suppose n = 4*h - 31 - 21. What is the remainder when 37 is divided by h?
11
Let w(g) = -g**3. Let a be w(-2). Let c = a + -5. What is the remainder when 5 is divided by c?
2
Let i = -6 + 8. Suppose 0 = 4*g + i - 42. What is the remainder when 29 is divided by g?
9
Suppose -5*z - 6*v = -2*v - 71, -z + 2*v + 17 = 0. Suppose 2*a - 5 = z. Suppose -3*n + a + 5 = 0. Calculate the remainder when 9 is divided by n.
4
Let n = 14 + -6. Let t = 8 + n. Let d = 941 - 895. Calculate the remainder when d is divided by t.
14
Let m = 25 - 7. Let a(x) = x**3 - 7*x**2 + 7*x + 2. Let r be a(6). Let t = m - r. What is the remainder when 19 is divided by t?
9
Let l = -7 - -7. Suppose 4*r + l*r - 12 = 0. Suppose -2*p + 2*a = -10, -5*a + 5 = r*p - 2*p. What is the remainder when p is divided by 4?
1
Suppose 0 = -2*g + 3*z + 16, -5*g + 2 = 3*z - 17. Suppose b - g*b = -56. What is the remainder when (-396)/(-14) - 4/b is divided by 10?
8
Let a(w) = -w**3 + 8*w**2 - 6*w - 1. Suppose -x - 5*u + 3*u + 4 = 0, -3*u = -3. Calculate the remainder when a(7) is divided by x.
0
Let r(g) = g**2 + 4*g + 5. Let p be r(4). Suppose 2*d - d = b - p, 4*d - 108 = -4*b. What is the remainder when b is divided by 11?
10
Let h(j) = -j**2 + 9*j - 6. Let u be h(8). Suppose 3*n - u*n - 41 = 0. What is the remainder when n is divided by 11?
8
Calculate the remainder when 2/6 - 946/(-33) is divided by 15.
14
Let b = 55 - 120. Let v = b - -132. Calculate the remainder when v is divided by 17.
16
Let d(v) = 3*v**2 + 3*v - 2. Let q(k) = 4*k**2 + 3*k - 2. Let n(p) = -3*d(p) + 2*q(p). What is the remainder when 3 is divided by n(-3)?
1
Let j(w) be the second derivative of w**3/2 - 2*w. Calculate the remainder when 24 is divided by j(3).
6
Let s = 71 + -27. Calculate the remainder when 171 is divided by s.
39
Let i(c) = c**2 + c + 17. Let l be i(0). Suppose q - l - 29 = 0. Calculate the remainder when q is divided by 16.
14
Suppose -h + 6*h + 155 = 5*k, 19 = k + 3*h. Let o be (2 - 3)/(2/k). What is the remainder when (o - 1)/(12/(-8)) is divided by 6?
4
Let l = 3 + 5. What is the remainder when 13 is divided by l?
5
Suppose -14*v + 16*v = 38. Suppose x = 6*x - 185. Calculate the remainder when x is divided by v.
18
Suppose -2*x = -2*r - 16, 0 = -4*x + 3*x - 4*r - 17. What is the remainder when x is divided by 3?
0
Let x(k) = -135*k**3 - 2*k**2 - k. Let z be x(-1). Suppose 32 = -2*b + z. Calculate the remainder when b is divided by 18.
15
Suppose 0 = -4*a - 16, -32 = 3*h - 5*a - 142. What is the remainder when 110 is divided by h?
20
Calculate the remainder when 3 + (-3 - -2) - (-179 + 2) is divided by 10.
9
Let u = -8 - -11. Let w = -5 + 25. Calculate the remainder when w is divided by (-22)/u*(-15)/10.
9
Suppose -3*t = 2*l - 118, -t + 84 = t - 4*l. Suppose -175 - t = -5*q. What is the remainder when q is divided by 15?
13
Suppose -21 = -t + 3*k, 0 = -10*t + 6*t + 5*k + 91. Calculate the remainder when 117 is divided by t.
21
Let q be -2 + (3 - (1 + 3)). Let a = 29 + q. What is the remainder when a